 + 2*d. Suppose -j*o - 64 = -6*o. Suppose 3*u - o = u. What is the units digit of u?
6
Let m = 13 + -4. What is the units digit of (-136 - -2)*m/(-18)?
7
What is the tens digit of ((-92)/(-20) + -3)*195/2?
5
Suppose 6*a - 7 = 2*a + 3*y, 0 = -2*a - 2*y + 14. Let l be (-316)/26 + a/26. Let p = 1 - l. What is the units digit of p?
3
What is the tens digit of (-1)/((2/(-394))/(-35 - -54))?
4
Let x(z) = z**2 - 52*z - 31. Let k(b) be the second derivative of -17*b**3/6 - 5*b**2 + 6*b. Let v(o) = -7*k(o) + 2*x(o). What is the tens digit of v(-8)?
1
Let v(n) be the first derivative of n**3/3 - n**2 - 5*n - 3. Let q be v(4). Let c(g) = g**3 + 2*g**2 - 2*g + 4. What is the tens digit of c(q)?
4
Let i(x) = 55*x - 1. Let w be i(-1). What is the units digit of (-1 - w) + -15 + 13?
3
Let d(a) = -a + 2. Let l be d(-4). Let v = 2 + 0. Suppose r - 18 = -3*b - v, 0 = 4*r - 2*b + l. What is the units digit of r?
1
Suppose -5*b + 11 + 39 = 0. Suppose 4*d - 4 = 2*o, 0*d - 4*o = d - b. Suppose d - 7 = -q. What is the units digit of q?
5
Let b = -105 - -24. Let h = -57 - b. What is the units digit of h?
4
Let o(w) = 2*w - 17. Let m be o(8). Let r = -8 + 7. What is the tens digit of r + (-3 - m) + 70?
6
What is the tens digit of (-13872)/60*(-200)/16?
9
Suppose 80 = -86*i + 85*i. Let r = i - -115. What is the tens digit of r?
3
Let g(m) = 3*m - 5. Let q be g(1). What is the tens digit of 46 + (5/(-1) - q - -2)?
4
Suppose q + 1716 = 2219. What is the hundreds digit of q?
5
Let l = -61 - -85. Let b be (2/4)/((-2)/l). What is the tens digit of 3*12*b/(-9)?
2
Let h(y) = 131*y**2 - 8*y + 8. What is the tens digit of h(1)?
3
Suppose -25 = -5*a, j - 32 - 59 = 2*a. What is the tens digit of -3 - (j/(-3) + (-28)/(-42))?
3
Let u = 2021 + 1478. What is the units digit of u?
9
Suppose 0*p = 2*l - 4*p - 994, -1030 = -2*l - 5*p. Suppose 11*k - l - 463 = 0. What is the units digit of k?
8
Let l(p) = -9*p + 0 - p**2 - 7 - 5 - 2. Let z = -21 - -15. What is the units digit of l(z)?
4
Let a(c) = 7*c + 634. What is the hundreds digit of a(37)?
8
Suppose 0 = 35*p - 45447 + 3097. What is the thousands digit of p?
1
Let d be -5 + (-3 - (0 - 5)). Let a(s) = -2*s - 2. Let t be a(d). Suppose -5*i + t*l + 1 = -115, 96 = 5*i + l. What is the tens digit of i?
2
Let n(f) = -f**2 - 25*f - 19. What is the units digit of n(-17)?
7
What is the hundreds digit of 12912/(8/(-1))*(-1)/2?
8
Suppose -6 = 2*o + 20. What is the units digit of o/(15/4 - 4)?
2
Suppose -5*j = -v - 2218, 2*j - 6*v - 874 = -10*v. What is the tens digit of j?
4
Let r(l) = -107*l - 378. What is the tens digit of r(-12)?
0
Let d(w) = -w**2 + w. Let h(b) = -b**2 - 7*b + 8. Let l(f) = 2*d(f) - h(f). Let c be l(9). What is the units digit of 5*-2*4/c?
5
Suppose 3*o + 15726 = 3*k, 0 = -3*o + 4*o - 4*k + 5239. What is the units digit of o/(-63) - (-2)/(-9)?
3
Let v(o) = -o. Let d be v(-3). Suppose 3*g = d*f - 282, 0*f + 294 = 3*f + g. What is the tens digit of f?
9
Let f = 18 - 23. Let s be (-1)/(f/(0 + -25)). What is the tens digit of -14*s/(25/10)?
2
Let w = 75 - -23. Suppose 38 = -3*k + w. Suppose 20 = s - f - f, 3*s = -2*f + k. What is the tens digit of s?
1
Let x be ((-56)/35)/((-3)/((-45)/(-6))). Suppose -4*u + 2*u + x*i + 50 = 0, 5*u + 4*i = 97. What is the tens digit of u?
2
Let p(k) = k**3 + 6*k**2 - 20*k - 8. What is the thousands digit of p(9)?
1
Let l = -55 - -72. What is the units digit of l?
7
Let a be (-1)/((-33)/9 - -4). What is the units digit of 4/(-6)*(-15 + a)?
2
Suppose -21 = 3*u - 180. What is the tens digit of u?
5
Suppose 4*z - 66 = -2*o, -5*z - 41 + 143 = -4*o. What is the tens digit of z/(-24) + (-619)/(-4)?
5
Let v be -2 - -1*3*56/42. Suppose -730 = -4*g - f - f, 2*f = -v*g + 360. What is the hundreds digit of g?
1
Let y be (-49)/63 - 4/18. Let c(p) = 112*p**2 - 1. What is the hundreds digit of c(y)?
1
Suppose 0 = -16*l + 13128 + 3496. What is the tens digit of l?
3
Let m be (-10)/25 - (-2688)/(-30). Let r = m - -105. What is the tens digit of r?
1
Let b be 1 + (-12)/4*3. Let j = b + 11. Suppose -j = -2*t - 1. What is the units digit of t?
1
Let m be (244/8 - -5)*4. Let h = 188 - m. What is the units digit of h?
6
What is the hundreds digit of 0 + (13182/(-104))/((-1)/4)?
5
Suppose 5*b = 2*h - 4594, 3*h = 18*b - 13*b + 6901. What is the units digit of h?
7
Suppose 3*x + 2*u + 33 = -13, 44 = -2*x - 4*u. Let p(t) = t + 0 + 8 - 6*t - 4. What is the units digit of p(x)?
4
Suppose -3*t - 30 + 10 = -4*a, a - 5 = -5*t. Suppose r + t*r = 0. Suppose 14 = 3*c - 4*c - 3*w, r = -2*c + 3*w + 17. What is the units digit of c?
1
Suppose 4*i = -2*g + 3*g + 13883, -2*i - 3*g = -6931. What is the hundreds digit of i?
4
Let n = 4 + -6. Let d(a) = 2*a**2 - 18*a + 13. Let i be d(7). What is the tens digit of n + 2 - (i + -5)?
2
Suppose 14*i = 9*i - 1045. Let f = 84 - i. What is the hundreds digit of f?
2
Let p(z) = z**3 + 30*z**2 + 31*z + 85. What is the tens digit of p(-26)?
8
Let q be (-63)/(-6)*(-88)/33. Let x = 58 - 4. Let n = x + q. What is the tens digit of n?
2
Let j = 547 - -127. What is the tens digit of j?
7
Suppose 5*y = 5*f - 1515, 4*f - 594 = -3*y + 604. Suppose -2*g - 311 = -3*k - 6*g, f = 3*k - g. What is the tens digit of k?
0
Let y(h) = -h**3 - 5*h**2 + 7*h + 2. Let f be y(-6). Let j be (-5)/((-10)/f) - -6. What is the units digit of 30/9*6/j?
5
Let d(o) = 11*o**2 - 2*o + 126. What is the units digit of d(9)?
9
What is the units digit of (-76)/(-570) - (47668/(-15))/1?
8
Let i(m) = m**3 + m**2 + m + 5. Let a be 35/20*4/(-1). Let p = a + 7. What is the units digit of i(p)?
5
What is the units digit of 2/4 - 10084*14/(-112)?
1
Let b = -8 + 10. Suppose g - 17 = b*g. Let i = g + 62. What is the tens digit of i?
4
Suppose 0 = -8*o - 35*o + 73788. What is the thousands digit of o?
1
Let a be 1/(3/4 - (-34)/(-56)). Suppose l + 2 - a = 0, 3*i - 3*l - 120 = 0. What is the units digit of i?
5
Let k be (-12)/(-8)*(-20)/(-15). Suppose c = -k*c + 108. What is the units digit of c?
6
Suppose -2*w - 2*w = 4. What is the units digit of -1 + w + (-12)/(-3)?
2
Suppose 4 = 2*r - 4. Let i be r/(-16) - (-107)/(-4). Let g = i + 49. What is the tens digit of g?
2
Suppose 2*a - 2666 = -3*c, -a = 2*c - 6*a - 1771. What is the hundreds digit of c?
8
Let h be 15 + (11/(-13) - 18/117). Suppose h*i + 1716 = 20*i. What is the hundreds digit of i?
2
Let h(t) = -23*t + 7. Suppose 0*w = 4*w + 2*d + 8, -3*w - 5*d + 1 = 0. What is the units digit of h(w)?
6
Let s(h) = -h**3 - 36*h**2 + 155*h - 58. What is the hundreds digit of s(-40)?
1
Let r(s) = -4*s**3 - 3*s**2 + 7*s + 26. What is the hundreds digit of r(-5)?
4
Suppose -h + 6 + 12 = 5*o, 5*h + 3*o - 2 = 0. What is the tens digit of (-27 + 0)*(h - -1)?
2
What is the thousands digit of (-536648)/(-444) + 1/3?
1
Let p(m) = 13*m**2 - 7*m - 134. Let l(h) = -9*h**2 + 5*h + 89. Let w(b) = -7*l(b) - 5*p(b). What is the units digit of w(0)?
7
Let m be -38*((-5 - -2) + 1). What is the tens digit of (-2)/(-3 - 4/(-102)*m)?
0
Let d(z) be the first derivative of -z**3/3 - 5*z**2 - 11*z + 7. Let l be d(-8). Suppose 3*c - 62 = -4*j + 15, -5*j + 130 = l*c. What is the units digit of c?
7
Let p(a) = a**3 - 22*a**2 + 30*a - 54. What is the tens digit of p(21)?
3
What is the tens digit of 183/(-366) - 325/(-2)?
6
Let b(s) = -3*s + 2. Let v be b(6). Let j = 2 - v. What is the tens digit of j?
1
What is the hundreds digit of ((-14 - -4) + 7)/(3/(-256))?
2
Let d = -281 + 509. Let j(w) = -w**3 - 16*w**2 - w - 16. Let x be j(-16). Suppose 3*i - 4*y - 171 = x, -i + 5*i - 4*y = d. What is the tens digit of i?
5
Let z = -41 + 49. Suppose -3*n + 589 = -z. What is the tens digit of n?
9
Let x = 1003 - 1445. Let r = -222 - x. What is the tens digit of r?
2
Suppose 4*f + 5 = 9*f + 5*v, -2*f = 5*v - 11. Let g be (4 + f - 3)*-6. Suppose d + 165 = g*d. What is the tens digit of d?
3
Suppose 19*z = 9661 + 3183. What is the units digit of z?
6
What is the units digit of 6/(-9) - (-5638)/6?
9
Let d = 268 - 183. What is the tens digit of d?
8
Suppose 3*b - 3952 = -3*v + 7097, -3*b + 11043 = -3*v. What is the hundreds digit of b?
6
Let h = -270 - -450. What is the hundreds digit of 1662/14 + h/42 + -4?
1
Suppose -3*j = -12, 5*j - 3 = 3*y + 2. Suppose 5*s = y*f + 125, 5*s + 6*f - 160 = 4*f. What is the tens digit of s?
3
Suppose 0